ns digit of 5367885?
5
What is the thousands digit of 5857536?
7
What is the tens digit of 88291177?
7
What is the tens digit of 55532173?
7
What is the hundreds digit of 457450564?
5
What is the millions digit of 62548263?
2
What is the hundreds digit of 69436288?
2
What is the ten millions digit of 254494853?
5
What is the thousands digit of 994485917?
5
What is the thousands digit of 3072798837?
8
What is the tens digit of 2308681802?
0
What is the millions digit of 53490435?
3
What is the ten thousands digit of 4690865992?
6
What is the ten millions digit of 72123568?
7
What is the units digit of 188306528?
8
What is the ten millions digit of 391223428?
9
What is the ten millions digit of 62946546?
6
What is the hundred thousands digit of 117644197?
6
What is the hundred thousands digit of 2230162254?
1
What is the hundreds digit of 26934987?
9
What is the tens digit of 44445872?
7
What is the thousands digit of 302199465?
9
What is the ten millions digit of 50044683?
5
What is the ten millions digit of 932492244?
3
What is the thousands digit of 96469095?
9
What is the hundreds digit of 1025947553?
5
What is the thousands digit of 1270045793?
5
What is the units digit of 35993972?
2
What is the tens digit of 95768382?
8
What is the millions digit of 1637849400?
7
What is the millions digit of 346458916?
6
What is the thousands digit of 278419730?
9
What is the hundred millions digit of 936141642?
9
What is the ten thousands digit of 1413786346?
8
What is the hundred millions digit of 123518526?
1
What is the tens digit of 16727144?
4
What is the units digit of 15205742?
2
What is the millions digit of 2388751?
2
What is the tens digit of 2594801813?
1
What is the thousands digit of 2328830151?
0
What is the ten thousands digit of 631737583?
3
What is the units digit of 2236895930?
0
What is the thousands digit of 328488446?
8
What is the tens digit of 1968485940?
4
What is the units digit of 44681129?
9
What is the millions digit of 203000732?
3
What is the units digit of 779122536?
6
What is the ten thousands digit of 180838621?
3
What is the millions digit of 10105736?
0
What is the thousands digit of 6835385640?
5
What is the ten millions digit of 1906075903?
0
What is the ten thousands digit of 7223557?
2
What is the billions digit of 2132088459?
2
What is the hundred thousands digit of 1141786471?
7
What is the units digit of 18386398?
8
What is the ten thousands digit of 192091127?
9
What is the hundred millions digit of 223144756?
2
What is the ten thousands digit of 23159704?
5
What is the tens digit of 22282579?
7
What is the millions digit of 735463013?
5
What is the tens digit of 156640501?
0
What is the thousands digit of 70279729?
9
What is the tens digit of 520482905?
0
What is the ten millions digit of 10987900?
1
What is the hundred thousands digit of 38065521?
0
What is the ten thousands digit of 441307549?
0
What is the tens digit of 1634150165?
6
What is the hundred millions digit of 2017532489?
0
What is the hundred thousands digit of 66157920?
1
What is the tens digit of 1256876962?
6
What is the tens digit of 528335166?
6
What is the hundred millions digit of 200466702?
2
What is the tens digit of 331323875?
7
What is the tens digit of 4686718607?
0
What is the hundred millions digit of 150155890?
1
What is the ten millions digit of 115165050?
1
What is the ten millions digit of 491584007?
9
What is the tens digit of 1568356473?
7
What is the ten thousands digit of 1487424141?
2
What is the millions digit of 32810571?
2
What is the units digit of 6764132?
2
What is the units digit of 28929634?
4
What is the units digit of 481977345?
5
What is the thousands digit of 6462627515?
7
What is the tens digit of 282920071?
7
What is the millions digit of 581322473?
1
What is the hundred millions digit of 458280252?
4
What is the ten thousands digit of 817299776?
9
What is the ten thousands digit of 753961935?
6
What is the hundred millions digit of 1023526156?
0
What is the ten millions digit of 68886898?
6
What is the units digit of 4440856?
6
What is the thousands digit of 105855660?
5
What is the ten thousands digit of 38287852?
8
What is the thousands digit of 27113042?
3
What is the ten millions digit of 336939888?
3
What is the thousands digit of 41816613?
6
What is the ten millions digit of 358118228?
5
What is the thousands digit of 51939994?
9
What is the units digit of 89718181?
1
What is the thousands digit of 162981187?
1
What is the hundred thousands digit of 520632009?
6
What is the hundreds digit of 6349929?
9
What is the hundreds digit of 133191541?
5
What is the billions digit of 1426828847?
1
What is the ten millions digit of 1022975600?
2
What is the tens digit of 71682756?
5
What is the ten thousands digit of 40365665?
6
What is the units digit of 332142230?
0
What is the millions digit of 1393079730?
3
What is the hundred thousands digit of 330683793?
6
What is the ten millions digit of 157774991?
5
What is the hundred thousands digit of 144045921?
0
What is the thousands digit of 86285015?
5
What is the hundreds digit of 1370962572?
5
What is the hundreds digit of 56690265?
2
What is the hundred thousands digit of 380713493?
7
What is the ten millions digit of 3314792557?
1
What is the tens digit of 87143498?
9
What is the hundreds digit of 1161778407?
4
What is the hundred thousands digit of 854658253?
6
What is the millions digit of 41503304?
1
What is the ten thousands digit of 6324109156?
0
What is the thousands digit of 14969848?
9
What is the billions digit of 1365307650?
1
What is the thousands digit of 151739406?
9
What is the hundred millions digit of 324135426?
3
What is the thousands digit of 42846408?
6
What is the thousands digit of 145895755?
5
What is the hundred thousands digit of 53858092?
8
What is the thousands digit of 14935682?
5
What is the tens digit of 327761226?
2
What is the hundreds digit of 1340613396?
3
What is the ten thousands digit of 108032136?
3
What is the ten millions digit of 1423355710?
2
What is the hundreds digit of 62058723?
7
What is the thousands digit of 2985150497?
0
What is the hundreds digit of 679395952?
9
What is the millions digit of 94696459?
4
What is the millions digit of 86832281?
6
What is the millions digit of 228421034?
8
What is the tens digit of 54725763?
6
What is the hundred millions digit of 1220317711?
2
What is the hundred thousands digit of 2679874380?
8
What is the ten thousands digit of 642318900?
1
What is the ten thousands digit of 97180185?
8
What is the hundred millions digit of 4976300594?
9
What is the thousands digit of 45666904?
6
What is the hundred millions digit of 2107174454?
1
What is the tens digit of 80764966?
6
What is the ten millions digit of 478390853?
7
What is the hundred millions digit of 6544914130?
5
What is the ten millions digit of 147755415?
4
What is the tens digit of 77395444?
4
What is the ten thousands digit of 418988651?
8
What is the hundred thousands digit of 8833657?
8
What is the billions digit of 2096477338?
2
What is the ten thousands digit of 35169852?
6
What is the hundreds digit of 607158193?
1
What is the ten thousands digit of 21539416?
3
What is the ten thousands digit of 6037594542?
9
What is the tens digit of 1309113834?
3
What is the ten thousands digit of 280992757?
9
What is the ten thousands digit of 1555759947?
5
What is the tens digit of 1371741?
4
What is the hundred thousands digit of 523538749?
5
What is the hundred millions digit of 110900256?
1
What is the ten millions digit of 13539782?
1
What is the tens digit of 29269748?
4
What is the tens digit of 2648516816?
1
What is the units digit of 12563506?
6
What is the millions digit of 619587495?
9
What is the units digit of 93716721?
1
What is the hundreds digit of 5178953773?
7
What is the thousands digit of 271052844?
2
What is the thousands digit of 512583762?
3
What is the tens digit of 6058011100?
0
What is the tens digit of 1731148?
4
What is the ten millions digit of 105789915?
0
What is the hundred thousands digit of 119657297?
6
What is the ten millions digit of 83515649?
8
What is the units digit of 86917149?
9
What is the hundred thousands digit of 63786096?
7
What is the ten thousands digit of 33235538?
3
What is th